= i + 14. Suppose -s*r = 3*h - 41, -74 - 24 = -4*h + 2*r. Calculate the highest common factor of h and 2.
2
Let j = -227072 - -227081. Let g be (10/6 - 1)*216. Calculate the highest common factor of j and g.
9
Let m be 5/(345/(-6)) + 12514/23. Suppose -m = -4*h + v, 2*h - 63*v - 272 = -61*v. Calculate the greatest common divisor of 612 and h.
68
Suppose 0 = 8*a - 212 + 668. Let k be -5*(-15)/125 + a/(-5). Let g(r) = 107*r**3 + 1. Let n be g(1). What is the highest common divisor of n and k?
12
Let c be 0 + -1 + 5723 - (-30)/(-3). What is the highest common factor of 192 and c?
48
Let u be 108/(-10)*1270/(-381). Calculate the highest common divisor of u and 468.
36
Let w = -385 + 364. Let i be (w + 0/1)/((-9)/27). What is the highest common divisor of 14 and i?
7
Let s(q) = -49*q - 1381. Let m be s(-29). What is the highest common factor of m and 6760?
40
Let m = -3628 - -3864. What is the highest common factor of m and 531?
59
Suppose 5*t + 5*t + 70 = 0. Let u(o) = -o**3 - 4*o**2 + 43. Let s be u(t). What is the highest common factor of 10 and s?
10
Suppose -b + 3 = m - 12, -2*m = -5*b + 40. Let h be -4 - (5 + -4 + -5). Suppose -4*k + 31 + 9 = h. Calculate the greatest common divisor of k and b.
10
Let n be (-3558)/(-7) - -2 - 4/14. Let a be 2 - 3/(2*(-3)/n). Suppose a - 779 = -6*k. What is the greatest common factor of 29 and k?
29
Let d(c) = -1 + 3 - 6*c - c**3 + 5 - 9*c - 15*c**2. Let b be d(-14). Suppose 23*k - b*k = 50. Calculate the highest common factor of 25 and k.
25
Let n be 78/9 + ((-6)/(-4))/((-909)/404). What is the greatest common divisor of n and 8240?
8
Let w = 279 - 279. Suppose -4*p - 7*p + 924 = w. What is the highest common divisor of p and 24?
12
Suppose 0 = 9*d - 33 - 21. Let k be 11/(-33) + (-448)/d. Let l = 85 + k. What is the greatest common divisor of l and 50?
10
Let j(l) = -140*l**3 - 3*l - 3. Let m be 303/3 - -2 - (-4 + 2). Let c = m + -106. Let g be j(c). Calculate the highest common factor of g and 20.
20
Let i be 4 + (-22)/5 - 4836/(-15). What is the highest common factor of i and 98?
14
Let n(h) = h**3 + 13*h**2 + 13*h + 17. Let j be n(-12). Let u = -1969 - -2009. What is the greatest common divisor of j and u?
5
Let h = -7711 + 7735. Calculate the greatest common divisor of 496 and h.
8
Let s be 14580/(-450)*50/(-4). What is the highest common divisor of 9585 and s?
135
Let r be (14 - 5 - -2) + (0 - -1). Let a = r + 0. What is the highest common divisor of a and 20?
4
Let c(p) = -12*p + 31. Let w(k) = 46*k - 125. Let o(b) = -9*c(b) - 2*w(b). Let h be o(9). What is the greatest common divisor of 46 and h?
23
Suppose 3*p = f - 2498, 2*f - 4987 = -25*p + 28*p. Calculate the highest common factor of f and 19.
19
Suppose -4*s + 607 = l, l - 1008 = -2*s - 707. What is the greatest common divisor of 68 and s?
17
Let n(a) = -a**2 - a + 19. Let x be n(0). Let m = -83 + 131. Let r be m/72 - 336/(-9). Calculate the greatest common divisor of x and r.
19
Let m(b) = 25935*b**2 + 10*b + 13. Let p be m(-1). What is the highest common factor of p and 99?
99
Let x = -61 + 138. Suppose -2*l = -5*d + 37, -10*d + 38 = -5*d - 3*l. Calculate the greatest common divisor of d and x.
7
Let x = 23565 - 4315. Calculate the greatest common factor of x and 35.
35
Let z = 376 - 367. Suppose -5*o + 3*i = -546, -5*o = z*i - 10*i - 542. Calculate the greatest common divisor of o and 189.
27
Suppose 0 = 2*y + 4*a + 12, 0 = -4*y - 16*a + 14*a. Let r(w) = -7*w. Let f be r(3). Let l be f/((-20)/8 - -1). What is the highest common divisor of y and l?
2
Suppose 7*h - 629 = 71. What is the greatest common factor of h and 450?
50
Let x = -140 + 169. Suppose b + 3*l = 72 + x, 5*b = 2*l + 471. What is the highest common divisor of b and 57?
19
Let q be ((-12)/(-4)*2)/(-2 - -4). Suppose d - 29 = -q*l + l, 5*d - 70 = -5*l. Calculate the highest common divisor of l and 15.
15
Let k = 19716 + -19386. What is the highest common factor of k and 15950?
110
Suppose 47*a - 4378 - 2287 = 7905. Calculate the highest common factor of 744 and a.
62
Let x(i) = -i**3 - i**2 - 2*i - 5. Let r be x(-6). Let s = -5581 + 5615. What is the greatest common factor of r and s?
17
Let n = -2069 - -2276. What is the highest common divisor of 92 and n?
23
Suppose 0 = -7*a + 1713 + 65. Let s = -205 + a. Calculate the greatest common factor of 343 and s.
49
Let b be (36/(-15))/((-30)/150)*(3 - -103). Calculate the highest common factor of b and 1113.
159
Let t(n) = n**2 + 2*n - 7. Suppose -6*d = -d + 35. Let w be t(d). Suppose 14 = 3*i - i. What is the greatest common factor of i and w?
7
Suppose -5*b = 20*b - 25300. Let p = 29 - -63. What is the greatest common factor of p and b?
92
Suppose 4*w - 16 = 40. Let a(d) = -1 - 8 + 60*d**2 - 3*d - d**3 - 61*d**2 - d. Let x be a(-3). What is the greatest common factor of x and w?
7
Let y be ((-1548)/(-72))/(2/(-52)*-1) - 0. What is the greatest common divisor of 221 and y?
13
Let u = -3 + 14. Let m be 184/44 - 2/u. Let z be -2*m/(-16)*120*1. What is the greatest common divisor of z and 20?
20
Suppose 0 = 7*y - 2*y. Suppose y = 5*x - 9 - 5226. Let p be x/9 + (-10)/(-15). Calculate the greatest common factor of 13 and p.
13
Let b = -31 + 61. Suppose -5*a = 0, 4*l + l + b = -5*a. Let z = l - -86. Calculate the greatest common divisor of z and 16.
16
Let j(f) = -f**3 - 3*f**2 + 126*f + 12. Let z be j(-13). What is the highest common factor of z and 2400?
32
Let f be (-256)/(-24)*(-18)/(-2). Let w be (-2526)/(-30) - (-2)/(-10). Let z = f - w. Calculate the highest common divisor of 108 and z.
12
Suppose 33*k = 4785 + 165. Let n = 8 - -7. Calculate the greatest common divisor of k and n.
15
Let a = 601 - 433. Let y(r) = r**3 + 6*r**2 + 2*r + 6. Let z be y(-5). What is the greatest common factor of z and a?
21
Suppose 0 = 6*t - 153 + 141. Suppose 57 = t*c - 5*g, -g - 156 = -4*c - 5*g. What is the greatest common factor of c and 18?
18
Let m = 5308 - 5044. Calculate the greatest common factor of m and 165.
33
Suppose 2*q + y - 3778 = 0, -2*q - 14*y + 9*y + 3794 = 0. Calculate the highest common factor of q and 777.
111
Let w(l) = 65*l**2 - 34*l - 167. Let z be w(-5). Calculate the highest common factor of 740 and z.
148
Let t be (-507)/(-2) + (-10 - (-69)/6). What is the highest common divisor of t and 357?
51
Suppose -w = -z - 12, 2*w + 5*z = 9*z + 18. What is the highest common factor of 8445 and w?
15
Let b be 0 + (-5 - 3 - 2). Let q be (225/b)/((-6)/32). Let u(d) = 8*d - 160. Let o be u(23). Calculate the greatest common divisor of o and q.
24
Let b(l) = 3*l**2 + 27*l + 3. Let u(t) = -t - 1. Let n(k) = -b(k) - 5*u(k). Let i be n(-7). What is the highest common divisor of 72 and i?
9
Let a(j) = -3*j - 20. Let t be a(-8). Suppose 2*n + t*n = 78. Let v = 58 - n. What is the highest common factor of 90 and v?
45
Suppose 0 = 23*p - 2*p - 4620. Calculate the greatest common divisor of 20 and p.
20
Let j = 1936 + 34947. What is the highest common factor of j and 7?
7
Let p be (25 - 1)/2 - (-1 + 0). Suppose -33*s = -42*s + 1053. Calculate the highest common factor of p and s.
13
Let n be (-2)/5 - (-2 - 585/25). Let k be (10*220/n)/((-2)/(-3)). Calculate the highest common factor of 66 and k.
66
Suppose 12 - 7 = y, -5*m + 3*y = -75. Calculate the greatest common factor of 1062 and m.
18
Let z = -34 - -64. Suppose -p + a + 114 = -154, -5*a + 820 = 3*p. Calculate the greatest common factor of p and z.
30
Let h(z) = -30*z**3 + 4*z**2 - 14*z - 18. Let o be h(-1). Suppose 24*l - 30 = 21*l. Calculate the greatest common divisor of o and l.
10
Let o = -212 + 415. Let r = o + -199. What is the highest common divisor of 112 and r?
4
Suppose 2*d - 4 = 0, -3855 - 7413 = -4*l - 2*d. What is the greatest common factor of 33 and l?
11
Let j(w) = -w**3 + 7*w**2 - w - 11. Let m be j(-5). Suppose -3*g + 11 = 5*r, 0 = 60*g - 56*g + r - 26. What is the highest common divisor of g and m?
7
Let d = 27 + -24. Let j(o) = -5*o**2 - o - 8*o**2 - 6*o**d + 13*o + 7*o**3 + 15. Let x be j(12). Calculate the highest common factor of x and 150.
15
Let s = -1416 - -1656. Calculate the greatest common factor of 105 and s.
15
Let s = -34 + 18. Let i = -6 - s. Suppose -91 = -i*k + 89. Calculate the greatest common factor of k and 144.
18
Let m(l) = 8*l**3 + 2*l**2 - 4*l + 3. Let 